alculate -1 + -3 + 7 + (1 - 2).
2
What is the value of -1 + (-3 - -5) + -4 + 1?
-2
Calculate (-3 - 0 - 0) + 7.
4
What is the value of 3 - (-2 + -4 + 4)?
5
What is 3 + (0 - 2) - -2?
3
Calculate (-4 - -8 - 6) + 7 + -3.
2
Evaluate 7 - (-9 + (9 - -9)).
-2
11 + (18 - 21 - (2 - 0))
6
What is the value of 1 - ((3 - (3 - 7)) + 0)?
-6
Evaluate (2 - 13) + 25 + -20.
-6
Evaluate 0 + -1 - (-9 + 1) - 2.
5
What is -9 - -1 - (8 - -4 - 16)?
-4
Calculate -14 - (7 + -9) - -17.
5
What is the value of 12 - 8 - (7 - 0)?
-3
What is the value of 0 - (-3 - (4 + -3))?
4
What is -2 + 9 + -9 + (0 - 2)?
-4
What is -1 + -1 + -4 + 6?
0
-10 + 2 + (63 - 59)
-4
Evaluate 8 + -8 + 4 + 1 + -2.
3
-7 - ((0 - 6) + 2)
-3
Calculate -3 + 17 - (3 - (12 + -16)).
7
What is the value of -1 + (0 - 2 - (-10 - -4))?
3
Calculate (-4 - -10 - 10) + 7.
3
Evaluate -1 - 6 - (-2 - 0).
-5
What is -10 - ((-6 - -2) + -2)?
-4
-1 + 4 + -7 + 0 + 4
0
Evaluate 0 + (-1 - -2) + -3.
-2
What is the value of (-1 - -13) + -9 + 1?
4
-7 + 9 + (9 - 6)
5
What is 1 - (2 - -1) - 4?
-6
What is -5 - (-19 - (-22 + 11))?
3
Calculate 8 + (-7 - -9) - 9.
1
Calculate 0 + 6 - (5 + 9 + 1).
-9
-1 + 4 - (11 - 13)
5
What is (2 - (0 + 1 - 2)) + -5?
-2
What is 2 + 7 + (2 - 11) + -10?
-10
What is the value of -5 + 2 - (-17 + 18)?
-4
Evaluate 9 + -19 + -9 + 17.
-2
Calculate 4 + -9 + 6 + -3 + 0.
-2
What is (3 - 2) + -2 - (1 + 0)?
-2
What is the value of (1 - (2 + 0)) + 1 + -4?
-4
Calculate 4 + -1 - (5 + (4 - 8)).
2
What is the value of 2 + 1 + (-1 - -4) + -1?
5
Calculate 1 + -9 + (5 - 0 - 2).
-5
Evaluate -7 + 5 - (-2 + 2).
-2
Evaluate 8 + -18 + 0 + 5.
-5
What is the value of 4 + (3 - (1 - (0 + -1)))?
5
(1 - 3) + -4 + -8 + 17
3
Calculate (-7 - (-7 + -6)) + -3.
3
What is the value of (6 - (1 + -7)) + -6?
6
-4 + (-1 - -2) - -8
5
What is the value of -101 + 101 + (1 + 0 - 1)?
0
-4 - (0 + 3 + 3)
-10
What is the value of (-4 - 0) + (2 - -1)?
-1
Evaluate 6 - (-48 + 52 + -1 + 6).
-3
2 + 1 + 1 + (21 - 19)
6
What is the value of -6 + (15 - 4) + -10?
-5
What is the value of 1 + -3 + -2 - 0 - 3?
-7
Evaluate -2 - ((-5 - (-4 - -1)) + 5).
-5
What is -9 + 14 - (-2 + 3)?
4
1 - (-5 - (0 - 3))
3
Evaluate 12 - 7 - (-5 + 2 + 7).
1
-1 + (0 - -2) + -3 - 1
-3
What is the value of -181 + 183 + 1 + 2?
5
Evaluate (0 - 7) + -4 + 8.
-3
Calculate -34 + 29 + -1 + -1.
-7
What is the value of -4 + (3 - 1) + (-2 - 1)?
-5
Evaluate 7 - (7 - (-4 - -9)).
5
What is the value of -1 + -5 + 8 - 3?
-1
Evaluate 1 - (6 - 6 - (-1 + 0)).
0
What is (8 - (12 + -2)) + (5 - 1)?
2
What is the value of (-4 - -1) + (-6 - (5 + -5))?
-9
-3 + -5 + 16 - 6
2
Calculate (-3 - (2 - 3 - 2)) + 0.
0
Evaluate (-3 - (-14 - -7)) + -9.
-5
Evaluate 7 + 2 + -1 + (-3 - 2).
3
Calculate -3 - (-2 + -8 + 5).
2
What is the value of -6 - ((7 - 6) + -3)?
-4
What is the value of -1 + 13 + -2 - (-4 - -7)?
7
Evaluate 0 - (-5 - (-3 - -3 - 3)).
2
-9 + (14 - 3) + -1
1
Evaluate 8 + (3 + -4 - 4) + 1.
4
Evaluate (4 + -5 - (0 - -2)) + 3.
0
What is (1 - -6) + (-6 - -3)?
4
Calculate 2 - -1 - (0 - -1 - -3).
-1
What is the value of 8 + (-1 - 1) + (10 - 13)?
3
What is the value of 6 + 4 + -6 + -6?
-2
Evaluate (7 - -2) + (-71 - -54).
-8
-87 + 78 + (-1 - -14)
4
What is the value of -8 + (-30 - -37) + -4 + -1?
-6
Calculate 4 - (17 + (1 - 3) + -5).
-6
What is the value of (1 - -3) + 2 - 2?
4
What is the value of 4 - (-3 + 0 + 10)?
-3
What is 9 - (3 + (1 - -1))?
4
What is the value of -18 + (12 - (9 - 7))?
-8
What is the value of 4 - (-1 + -5 - (-5 + 0))?
5
What is (7 - 3) + -4 + -4?
-4
-10 + 1 + 3 + 8
2
What is -5 - (-1 - (2 + 2))?
0
Calculate 4 + (1 - (-6 + 6 - -7)).
-2
(3 - 1) + -13 + 8
-3
What is the value of 4 + 4 + -1 + -10?
-3
Evaluate 3 - ((1 - 0) + -2).
4
What is -3 + 0 + (-4 - -7)?
0
What is 0 - (1 - 1) - -9?
9
What is 4 - (-6 + (-9 - -21))?
-2
-4 + (0 - -2) + 0
-2
What is the value of -4 + (9 - 3) + 3?
5
What is -5 + (1 - 2) + 5?
-1
What is the value of (225 - 219) + -11 + -1?
-6
Evaluate -1 + 10 - (84 - 70).
-5
Calculate 4 - 5 - (2 + -6).
3
What is 1 + 0 - (-7 + 2 + 3)?
3
What is the value of 1 + 1 - -8 - 4?
6
What is (-20 - -7) + 8 + -3 - -7?
-1
2 - (-4 - -9) - 2
-5
What is the value of (0 - -3) + 8 + -9?
2
What is the value of 10 - 1 - (16 - (13 + -2))?
4
(-2 + 6 - 4) + -3
-3
What is the value of (-5 - -5) + (0 - 0 - 1)?
-1
Calculate 6 - 6 - (-5 + 11 + -1).
-5
What is the value of 2 + -7 - (0 + 0) - -2?
-3
Evaluate -4 - 6 - -8 - 7.
-9
What is -3 + (3 - (0 - -4))?
-4
Evaluate (2 - 0) + -2 + (0 - -1).
1
(-9 - (-3 + -2)) + 5
1
Evaluate -16 + (12 - -1) - (0 + -6).
3
What is (-4 - (-18 - -11)) + (3 - 10)?
-4
Calculate (8 + -5 - 5) + -2.
-4
Evaluate -46 + 48 + 1 + 1.
4
Evaluate 128 + -131 - (1 + -6 - 1).
3
Calculate 3 + 3 - (-8 - -18).
-4
Evaluate 11 - 2 - (39 - 31).
1
What is the value of -7 + 6 + 6 + -6?
-1
What is the value of (-3 + 2 - (-18 - -24)) + 15?
8
What is the value of -2 - 2 - (-5 + 2 + 3)?
-4
What is the value of -4 + -1 + (8 + 2 - -2)?
7
What is -3 - (-2 - (6 + -3) - 1)?
3
4 - (-1 - (0 + -10))
-5
Calculate 5 - (8 - (-2 + 5)).
0
What is 0 + (2 - 4 - (8 + -12))?
2
(-3 - (-5 - 3)) + 0
5
Calculate 4 + -2 + (2 - -2).
6
What is 0 + (-3 - (-3 + 4 + 0))?
-4
Calculate -1 - -7 - (2 + -3 - -1).
6
What is the value of -16 + 13 + (0 - -3)?
0
What is the value of -3 + 3 + 2 + -4?
-2
What is (-3 - (-11 + 4)) + 1?
5
(-12 - -2) + 11 + -5
-4
Evaluate 14 + (-11 - -23) + -24.
2
-9 - -20 - 22 - (1 + -7)
-5
Evaluate 5 + -5 + 4 + (-5 - 0).
-1
Calculate 4 + 4 - 4 - 5.
-1
Calculate -11 - -17 - ((0 - -4) + -2).
4
4 + 1 + 27 + -28
4
Calculate -5 - ((11 - 15) + -4 + -1).
4
Calculate 13 - (19 + -10 + -4).
8
What is the value of 1 + (1 - -1) - 2 - -1?
2
What is -2 - (-4 + -8 - -9 - 5)?
6
What is (0 - 1 - -4) + -1?
2
Calculate -1 + 8 + -5 - 4.
-2
Evaluate 1 + 2 - 1 - (0 + 6).
-4
Calculate -1 + 1 + (-6 - -2).
-4
What is the value of (1 - -3) + -9 + 5 + -2?
-2
What is -4 - (20 + -10 + -11)?
-3
Calculate 3 - (-3 - -1 - -5 - -1).
-1
What is (4 - -2) + -4 + 0 + -6?
-4
What is the value of -5 - (3 - 12) - 5?
-1
What is the value of 1 + 2 - -2 - 3?
2
What is the value of -1 + 4 + -1 + -1 - 3?
-2
Calculate 0 + -2 - -4 - -1.
3
What is the value of 5 + (0 - (7 + -5))?
3
What is the value of (1 - 2) + 3 + -4?
-2
What is the value of -9 - -5 - (0 - 7 - -1)?
2
What is the value of -22 + 18 + (6 - 0)?
2
What is the value of (-140 - -140) + -1 + (3 - 1)?
1
Calculate 3 + 0 + (-2 - (0 - 7)).
8
Evaluate -11 + (1 - 7) + 10.
-7
What is -5 + -4 - (4 - 16)?
3
Evaluate -4 - -17 - (3 - -1 - -3).
6
What is the value of -7 + 7 + (-2 - -1) - -3?
2
Evaluate -1 + 4 + -1 + -1.
1
Calculate -1 + 0 + -3 - -5 - 4.
-3
Calculate (4 - -6) + -4 - (8 - -2).
-4
What is the value of -2 + (-11 - 1) - -8?
-6
Calculate (10 - 17) + 6 - (6 - 2).
-5
What is 0 + (2 - 2) + 3 + 0?
3
Evaluate 1 - (1 - (1 + -4)).
-3
Evaluate (-3 - (2 - 4)) + -5 + 1.
-5
What is the value of 0 - -16 - (9 - 1)?
8
What is the value of -5 + -3 + 0 + 11?
3
Evaluate 2 + -5 - 1 - (2 - 4).
-2
Evaluate -3 + 13 + -4 - 10.
-4
Calculate 3 + (1 - 1 - 4).
-1
34 - 46 - (0 + -12)
0
What is the value of -9 + (14 + -8 - 6)?
-9
-7 + (1 - -4) + -1
-3
Calculate -14 + 19 + 0 + -2 + 1.
4
What is (235 - 240) + (6 - -1)?
2
What is 7 + -12 + 18 + 4 + -9?
8
Calculate -3 + (13 - (11 - 0)).
-1
-14 + (33 + -3 - 10)
6
What is the value of -3 - (-8 - (-5 + 4))?
4
What is the value of 6 + (-15 - (-21 - -6))?
6
What is 8 + 1 - (-68 - -77)?
0
0 + 0 + -2 - -6
4
What is the value of 4 + -7 + 10 + -1 + -1?
5
What is the value of 10 + (-9 - (6 - 8))?
3
-1 - -14 - (71 - 63)
5
What is the value of -2 + 3 + -3 - -5?
3
Calculate (-4 - 3) + -2 + 3.
-6
Evaluate -1 - -3 - 2 - (2 + 1).
-3
Calculate 0 - (8 + 2 + -5).
-5
Evaluate (-4 - (4 - 8) - 2) + 2.
0
Calculate 4 + 3 + (-21 - -22).
8
What is 1 + -4 + 2 - -2?
1
Calculate 5 - (7 - (4 - -1)).
3
What is the value of -1 - (9 + -5) - (-6 + -1)?
2
Calculate 3 + -3 + (4 - 2) - 0.
2
Calculate (5 - 7) + 13 + -10.
1
0 - -2 - (-5 + 12)
-5
What is 4 + -1 + (-7 - -12 - 3)?
5
(2 - 2) + 1 + 3
4
What is the value of 3 + -3 + 1 + 0 + -1?
0
What is the value of 3 - (3 - (-4 - -3))?
-1
What is 2 - (5 + 4 + -4)?
-3
Evaluate -5 - 0 - (-1 - 2).
-2
Calculate 9 + (2 - 10) + 2.
3
Calculate -16 + 18 + (4 - -1).
7
Calculate (1 - 5) + (-4 - (9 - 18)).
1
Evaluate -14 + 2 + (-42 - -50).
-4
Calculate 2 + -2 + (-5 - 2) + 3.
-4
36 +